prime number?
False
Is 17893119 a prime number?
False
Is 1214841997 composite?
False
Is 612439 a prime number?
True
Is 22951361 a composite number?
False
Is 57440351 a prime number?
True
Is 49417541 prime?
False
Is 49103 prime?
True
Is 7166447 composite?
False
Is 2516603 a prime number?
True
Is 66881341 a composite number?
True
Is 6532397 a prime number?
True
Is 17480693 a prime number?
True
Is 6516826 a prime number?
False
Is 12034991 a prime number?
True
Is 4790237 a composite number?
False
Is 8672611 composite?
True
Is 113507 a prime number?
False
Is 6429721 a prime number?
False
Is 1094839 composite?
True
Is 314962103 a composite number?
False
Is 343191127 prime?
False
Is 468011 a prime number?
True
Is 3083867 a composite number?
True
Is 7569121 composite?
True
Is 1310620543 a prime number?
True
Is 2262733 a composite number?
True
Is 4864771 composite?
True
Is 11063279 composite?
False
Is 7538123 composite?
True
Is 3933731 prime?
True
Is 55745045 composite?
True
Is 29521981 composite?
False
Is 15673937 a prime number?
True
Is 17205467 a prime number?
True
Is 28079353 composite?
False
Is 7780307 prime?
True
Is 157237211 composite?
True
Is 1348727 prime?
True
Is 19234165 a prime number?
False
Is 107345561 a prime number?
False
Is 4951333 a prime number?
True
Is 61976429 prime?
False
Is 1407545 composite?
True
Is 7108931 composite?
False
Is 20438711 a composite number?
False
Is 60671729 a composite number?
False
Is 717441029 a prime number?
False
Is 70570637 a composite number?
False
Is 190591829 a prime number?
True
Is 443411 a composite number?
True
Is 35614771 a prime number?
True
Is 568907387 prime?
False
Is 14620798 composite?
True
Is 296811301 composite?
False
Is 655231 a composite number?
True
Is 12671531 composite?
False
Is 38909593 composite?
False
Is 4042201 prime?
False
Is 65045203 a prime number?
False
Is 237857377 prime?
True
Is 5289343 a composite number?
False
Is 20645791 composite?
False
Is 6074399 a composite number?
False
Is 1449857 prime?
False
Is 48159421 a prime number?
True
Is 36222377 composite?
True
Is 15031021 a composite number?
False
Is 141619 a composite number?
False
Is 272417053 a prime number?
False
Is 117707669 a prime number?
True
Is 18847879 prime?
False
Is 31319411 composite?
False
Is 47904121 composite?
True
Is 1642967 a prime number?
False
Is 53940659 a composite number?
False
Is 56043821 a composite number?
False
Is 191393 a composite number?
True
Is 11594677 a composite number?
True
Is 24361541 a composite number?
False
Is 2603395 composite?
True
Is 19468067 composite?
True
Is 394423727 a composite number?
False
Is 75810197 prime?
False
Is 201928231 a composite number?
False
Is 1328891 composite?
False
Is 32068921 a prime number?
True
Is 3607771 a prime number?
True
Is 7747561 composite?
False
Is 6919361 prime?
True
Is 9559469 a composite number?
False
Is 75205387 composite?
True
Is 53517767 composite?
False
Is 9377419 prime?
True
Is 277310261 a prime number?
True
Is 33378767 a composite number?
True
Is 20620141 composite?
True
Is 580217 composite?
True
Is 18307169 prime?
False
Is 276581 a prime number?
True
Is 50929267 prime?
True
Is 99498257 prime?
True
Is 920609 a composite number?
False
Is 80631141 prime?
False
Is 880655123 composite?
True
Is 116347459 prime?
False
Is 5186339 prime?
False
Is 390307 composite?
False
Is 23852197 prime?
True
Is 9630623 prime?
False
Is 276461 prime?
True
Is 1419793 a prime number?
False
Is 105994661 composite?
False
Is 58994153 prime?
True
Is 2782597 prime?
True
Is 3135211 prime?
True
Is 126299 a composite number?
True
Is 4785323 a prime number?
True
Is 3620917 a prime number?
True
Is 772061 composite?
False
Is 115392767 composite?
True
Is 6730463 a composite number?
False
Is 118371535 composite?
True
Is 470689 a composite number?
False
Is 9264163 composite?
False
Is 27833861 prime?
False
Is 503989 composite?
False
Is 20124305 prime?
False
Is 337821643 a prime number?
False
Is 169300711 composite?
False
Is 21884927 composite?
True
Is 28715569 composite?
True
Is 3245041 a composite number?
False
Is 343703435 prime?
False
Is 466877083 a prime number?
False
Is 1780179961 prime?
False
Is 4320649 prime?
False
Is 4058185 a prime number?
False
Is 3515593 prime?
True
Is 2436463 composite?
True
Is 3348335 composite?
True
Is 6766571 a prime number?
False
Is 1534727 a composite number?
False
Is 195069337 a composite number?
False
Is 305897 a composite number?
True
Is 258115447 a composite number?
False
Is 4150583 prime?
False
Is 149561299 prime?
False
Is 16808381 a prime number?
True
Is 13408757 a prime number?
True
Is 377956513 a composite number?
True
Is 459873889 prime?
True
Is 92360911 a prime number?
False
Is 11821483 prime?
True
Is 3990203 composite?
True
Is 111013743 a prime number?
False
Is 333594263 a prime number?
True
Is 167072153 prime?
True
Is 94291649 a prime number?
False
Is 10158682 a composite number?
True
Is 14705881 a composite number?
False
Is 16078093 a composite number?
True
Is 364953191 a composite number?
False
Is 178699987 prime?
False
Is 46708003 a prime number?
True
Is 17850197 a composite number?
False
Is 190129 composite?
False
Is 87479761 prime?
True
Is 318036529 composite?
False
Is 884003 a prime number?
True
Is 8538053 a prime number?
True
Is 15558337 prime?
True
Is 172736863 composite?
True
Is 21832477 composite?
False
Is 255173 prime?
True
Is 2084023 a composite number?
False
Is 10996621 a prime number?
True
Is 169889 a prime number?
True
Is 9425089 composite?
True
Is 22595191 prime?
True
Is 9684221 prime?
False
Is 1454867 a prime number?
False
Is 270140503 composite?
False
Is 354243629 composite?
False
Is 27603727 prime?
True
Is 16899149 prime?
True
Is 4457471 a prime number?
True
Is 9228721 a composite number?
True
Is 74218321 prime?
True
Is 15871937 a prime number?
True
Is 16774189 prime?
False
Is 10520239 a composite number?
True
Is 765458227 composite?
False
Is 5402987 a prime number?
False
Is 4948981 prime?
False
Is 857018 prime?
False
Is 246586489 prime?
False
Is 3351223 prime?
True
Is 221471399 composite?
False
Is 2549869 a composite number?
True
Is 6473437 a prime number?
True
Is 15492053 a composite number?
True
Is 7464191 a prime number?
False
Is 624656471 a prime number?
False
Is 2506705 prime?
False
Is 5306251 prime?
False
Is 2072899 a composite number?
True
Is 178987 composite?
False
Is 23932471 a prime number?
False
Is 102127 prime?
False
Is 56136697 a composite number?
True
Is 48945599 a composite number?
False
Is 4497619 a prime number?
False
Is 439658981 composite?
True
Is 1446893 a prime number?
False
Is 30977141 a composite number?
True
Is 2559683 a prime number?
False
Is 49508321 composite?
False
Is 121411333 composite?
False
Is 11268641 composite?
False
Is 172496719 a composite number?
False
Is 3760639 a composite number?
False
Is 22866779 prime?
False
Is 7568939 prime?
False
Is 3820097 a composite number?
False
Is 8789821 a prime number?
True
Is 705171967 prime?
True
Is 4256407 composite?
False
Is 20003161 a prime number?
True
Is 3291817 a composite number?
False
Is 3421499 a prime number?
True
Is 2381801 prime?
False
Is 247883 a prime number?
False
Is 3193177 a composite number?
True
Is 1777231 prime?
False
Is 439913 a prime number?
False
Is 404357 a prime number?
True
Is 3939097 prime?
False
Is 7854683 a prime number?
True
Is 75827387 a prime number?
True
Is 13806701 prime?
False
Is 1702409 a prime number?
True
Is 37051923 composite?
True
Is 4804697 a composite number?
False
Is 151158741 prime?
False
Is 11201689 a composite number?
False
Is 3423223 prime?
True
Is 4385453 composite?
True
Is 324253409 composite?
False
Is 7472489 a composite number?
False
Is 5430937 prime?
True
Is 13612199 a prime number?
True
Is 137001829 prime?
False
Is 2833969 a composite number?
False
Is 533285 composite?
True
Is 382815817 composite?
True
Is 57890561 a prime number?
True
Is 21474421 a prime number?
True
Is 14129351 prime?
False
Is 3941669 composite?
False
Is 154121707 composite?
True
Is 917209 composite?
False
Is 86379 composite?
True
Is 729959333 a prime number?
False
Is 18448891 a composite number?
False
Is 1918414 prime?
False
Is 8331943 a composite number?
False
Is 18542549 a composite number?
False
Is 1542389 a composite number?
